
{"id":7651,"date":"2022-10-17T11:02:57","date_gmt":"2022-10-17T09:02:57","guid":{"rendered":"https:\/\/www.iefc.net\/?post_type=tribe_events&#038;p=7651"},"modified":"2023-03-27T15:48:39","modified_gmt":"2023-03-27T13:48:39","slug":"seminaire-de-restitution-pour-lexpertise-crref","status":"publish","type":"tribe_events","link":"https:\/\/www.plantedforests.org\/pt\/event\/seminaire-de-restitution-pour-lexpertise-crref\/","title":{"rendered":"S\u00e9minaire de restitution pour l\u2019expertise CRREF"},"content":{"rendered":"<p><strong><span style=\"color: #ff0000;\">PARTENAIRES<\/span><\/strong><\/p>\n<p><span style=\"color: #000000;\">Le GIP Ecofor et le RMT Aforce vous invitent \u00e0 participer au s\u00e9minaire de restitution de l\u2019<\/span><a href=\"http:\/\/www.gip-ecofor.org\/expertise-crref-coupes-rases-et-renouvellement-des-peuplements-forestiers\/\" target=\"_blank\" rel=\"noreferrer noopener\"><u>expertise collective CRREF<\/u><\/a>, <span style=\"color: #000000;\">qui aura lieu le\u00a0mardi 22 novembre 2022\u00a0de 9h \u00e0 17h,\u00a0\u00e0 la salle Gambetta du\u00a0minist\u00e8re de l\u2019Agriculture et de la Souverainet\u00e9 alimentaire, 78 rue de Varenne, Paris VIIe. L\u2019\u00e9v\u00e8nement sera\u00a0\u00e9galement\u00a0accessible en visioconf\u00e9rence.<\/span><\/p>\n<p><span style=\"color: #000000;\">Il s\u2019agira d\u2019un \u00e9v\u00e8nement public, dans un format hybride pr\u00e9sentiel\/distanciel afin de permettre au plus grand nombre d\u2019y assister.<\/span><\/p>\n<p><span style=\"color: #000000;\">Depuis mars 2021, le GIP Ecofor et le RMT Aforce pilotent une expertise collective\u00a0visant \u00e0 dresser un\u00a0<strong>\u00e9tat des connaissances sur les coupes rases et le renouvellement des peuplements<\/strong>, et une\u00a0<strong>analyse des modes de renouvellement en contexte de changement climatique<\/strong>.<\/span><\/p>\n<p><span style=\"color: #000000;\">Soutenu par le MASA, le MTECT, l\u2019ADEME et l\u2019OFB, l\u2019expertise a mobilis\u00e9 une soixantaine d\u2019experts issus des organismes suivants\u00a0: INRAE, AgroParisTech, IGN, ONF, CNPF-IDF, FCBA, CNRS, universit\u00e9s de Bourgogne Franche-Comt\u00e9 et de Rouen Normandie.<\/span><\/p>\n<p><span style=\"color: #000000;\">L\u2019expertise, organis\u00e9e en th\u00e9matiques, couvre tant les domaines des sciences de l\u2019environnement que ceux des sciences humaines, \u00e9conomiques et sociales.<\/span><\/p>\n<p><span style=\"color: #000000;\">Ouvert \u00e0 tous,\u00a0le s\u00e9minaire pr\u00e9voit le matin une pr\u00e9sentation des principaux r\u00e9sultats de l\u2019expertise, compl\u00e9t\u00e9e l\u2019apr\u00e8s-midi par deux\u00a0temps d\u2019\u00e9change.<\/span><\/p>\n<p><span style=\"color: #000000;\"><strong>Plus d&#8217;informations :<\/strong><\/span> <a href=\"http:\/\/www.gip-ecofor.org\/22-novembre-2022-seminaire-de-restitution-de-lexpertise-collective-expertise-crref-coupes-rases-et-renouvellement-des-peuplements-forestiers-en-contexte-de-changement-climatique\/\">cliquez-ici<\/a><\/p>\n","protected":false},"excerpt":{"rendered":"<p>PARTENAIRES Le GIP Ecofor et le RMT Aforce vous invitent \u00e0 participer au s\u00e9minaire de restitution de l\u2019expertise collective CRREF, qui aura lieu le\u00a0mardi 22 novembre 2022\u00a0de 9h \u00e0 17h,\u00a0\u00e0 [&hellip;]<\/p>\n","protected":false},"author":101,"featured_media":0,"template":"","meta":{"_acf_changed":false,"_eb_attr":"","_EventAllDay":true,"_EventTimezone":"Europe\/Paris","_EventStartDate":"2022-11-22 00:00:00","_EventEndDate":"2022-11-22 23:59:59","_EventStartDateUTC":"2022-11-21 23:00:00","_EventEndDateUTC":"2022-11-22 22:59:59","_EventShowMap":true,"_EventShowMapLink":true,"_EventURL":"","_EventCost":"","_EventCostDescription":"","_EventCurrencySymbol":"","_EventCurrencyCode":"","_EventCurrencyPosition":"prefix","_EventDateTimeSeparator":"","_EventTimeRangeSeparator":"","_EventOrganizerID":[],"_EventVenueID":[7656],"_OrganizerEmail":"","_OrganizerPhone":"","_OrganizerWebsite":"","_VenueAddress":"","_VenueCity":"","_VenueCountry":"","_VenueProvince":"","_VenueState":"","_VenueZip":"","_VenuePhone":"","_VenueURL":"","_VenueStateProvince":"","_VenueLat":"","_VenueLng":"","_VenueShowMap":false,"_VenueShowMapLink":false,"_tribe_events_status":"","_tribe_events_status_reason":"","activitypub_content_warning":"","activitypub_content_visibility":"","activitypub_max_image_attachments":4,"activitypub_interaction_policy_quote":"anyone","activitypub_status":"","footnotes":""},"tags":[293],"tribe_events_cat":[],"class_list":["post-7651","tribe_events","type-tribe_events","status-publish","hentry","tag-partners"],"translation":{"provider":"WPGlobus","version":"3.0.2","language":"pt","enabled_languages":["gb","fr","es","pt"],"languages":{"gb":{"title":true,"content":true,"excerpt":false},"fr":{"title":true,"content":true,"excerpt":false},"es":{"title":false,"content":false,"excerpt":false},"pt":{"title":false,"content":false,"excerpt":false}}},"acf":[],"yoast_head":"<!-- This site is optimized with the Yoast SEO plugin v27.4 - https:\/\/yoast.com\/product\/yoast-seo-wordpress\/ -->\n<title>- Instituto Europeu De Floresta Plantada - IEFC<\/title>\n<meta name=\"robots\" content=\"index, follow, max-snippet:-1, max-image-preview:large, max-video-preview:-1\" \/>\n<link rel=\"canonical\" href=\"https:\/\/www.plantedforests.org\/event\/seminaire-de-restitution-pour-lexpertise-crref\/\" \/>\n<meta property=\"og:locale\" content=\"pt_PT\" \/>\n<meta property=\"og:type\" content=\"article\" \/>\n<meta property=\"og:title\" content=\"- Instituto Europeu De Floresta Plantada - IEFC\" \/>\n<meta property=\"og:url\" content=\"https:\/\/www.plantedforests.org\/event\/seminaire-de-restitution-pour-lexpertise-crref\/\" \/>\n<meta property=\"og:site_name\" content=\"Instituto Europeu De Floresta Plantada - IEFC\" \/>\n<meta property=\"article:modified_time\" content=\"2023-03-27T13:48:39+00:00\" \/>\n<meta name=\"twitter:card\" content=\"summary_large_image\" \/>\n<meta name=\"twitter:site\" content=\"@IEFCPlantForest\" \/>\n<meta name=\"twitter:label1\" content=\"Tempo estimado de leitura\" \/>\n\t<meta name=\"twitter:data1\" content=\"2 minutos\" \/>\n<script type=\"application\/ld+json\" class=\"yoast-schema-graph\">{\"@context\":\"https:\\\/\\\/schema.org\",\"@graph\":[{\"@type\":\"WebPage\",\"@id\":\"https:\\\/\\\/www.plantedforests.org\\\/event\\\/seminaire-de-restitution-pour-lexpertise-crref\\\/\",\"url\":\"https:\\\/\\\/www.plantedforests.org\\\/event\\\/seminaire-de-restitution-pour-lexpertise-crref\\\/\",\"name\":\"- Instituto Europeu De Floresta Plantada - IEFC\",\"isPartOf\":{\"@id\":\"https:\\\/\\\/www.plantedforests.org\\\/fr\\\/#website\"},\"datePublished\":\"2022-10-17T09:02:57+00:00\",\"dateModified\":\"2023-03-27T13:48:39+00:00\",\"breadcrumb\":{\"@id\":\"https:\\\/\\\/www.plantedforests.org\\\/event\\\/seminaire-de-restitution-pour-lexpertise-crref\\\/#breadcrumb\"},\"inLanguage\":\"pt-PT\",\"potentialAction\":[{\"@type\":\"ReadAction\",\"target\":[\"https:\\\/\\\/www.plantedforests.org\\\/event\\\/seminaire-de-restitution-pour-lexpertise-crref\\\/\"]}]},{\"@type\":\"BreadcrumbList\",\"@id\":\"https:\\\/\\\/www.plantedforests.org\\\/event\\\/seminaire-de-restitution-pour-lexpertise-crref\\\/#breadcrumb\",\"itemListElement\":[{\"@type\":\"ListItem\",\"position\":1,\"name\":\"Accueil\",\"item\":\"https:\\\/\\\/www.plantedforests.org\\\/\"},{\"@type\":\"ListItem\",\"position\":2,\"name\":\"Events\",\"item\":\"https:\\\/\\\/www.plantedforests.org\\\/events\\\/\"},{\"@type\":\"ListItem\",\"position\":3,\"name\":\"S\u00e9minaire de restitution pour l\u2019expertise CRREF\"}]},{\"@type\":\"WebSite\",\"@id\":\"https:\\\/\\\/www.plantedforests.org\\\/fr\\\/#website\",\"url\":\"https:\\\/\\\/www.plantedforests.org\\\/fr\\\/\",\"name\":\"Instituto Europeu De Floresta Plantada - IEFC\",\"description\":\"A rede IEFC para a gest\u00e3o sustent\u00e1vel e resili\u00eancia das florestas cultivadas\",\"publisher\":{\"@id\":\"https:\\\/\\\/www.plantedforests.org\\\/fr\\\/#organization\"},\"potentialAction\":[{\"@type\":\"SearchAction\",\"target\":{\"@type\":\"EntryPoint\",\"urlTemplate\":\"https:\\\/\\\/www.plantedforests.org\\\/fr\\\/?s={search_term_string}\"},\"query-input\":{\"@type\":\"PropertyValueSpecification\",\"valueRequired\":true,\"valueName\":\"search_term_string\"}}],\"inLanguage\":\"pt-PT\"},{\"@type\":\"Organization\",\"@id\":\"https:\\\/\\\/www.plantedforests.org\\\/fr\\\/#organization\",\"name\":\"Institut Europ\u00e9en de la For\u00eat Cultiv\u00e9e - Plantedforests.org\",\"url\":\"https:\\\/\\\/www.plantedforests.org\\\/fr\\\/\",\"logo\":{\"@type\":\"ImageObject\",\"inLanguage\":\"pt-PT\",\"@id\":\"https:\\\/\\\/www.plantedforests.org\\\/fr\\\/#\\\/schema\\\/logo\\\/image\\\/\",\"url\":\"https:\\\/\\\/www.plantedforests.org\\\/wp-content\\\/uploads\\\/2022\\\/07\\\/Logo_iefc__FR.png\",\"contentUrl\":\"https:\\\/\\\/www.plantedforests.org\\\/wp-content\\\/uploads\\\/2022\\\/07\\\/Logo_iefc__FR.png\",\"width\":2031,\"height\":1001,\"caption\":\"Institut Europ\u00e9en de la For\u00eat Cultiv\u00e9e - Plantedforests.org\"},\"image\":{\"@id\":\"https:\\\/\\\/www.plantedforests.org\\\/fr\\\/#\\\/schema\\\/logo\\\/image\\\/\"},\"sameAs\":[\"https:\\\/\\\/x.com\\\/IEFCPlantForest\",\"https:\\\/\\\/www.linkedin.com\\\/company\\\/71728047\\\/\"]}]}<\/script>\n<!-- \/ Yoast SEO plugin. -->","yoast_head_json":{"title":"- Instituto Europeu De Floresta Plantada - IEFC","robots":{"index":"index","follow":"follow","max-snippet":"max-snippet:-1","max-image-preview":"max-image-preview:large","max-video-preview":"max-video-preview:-1"},"canonical":"https:\/\/www.plantedforests.org\/event\/seminaire-de-restitution-pour-lexpertise-crref\/","og_locale":"pt_PT","og_type":"article","og_title":"- Instituto Europeu De Floresta Plantada - IEFC","og_url":"https:\/\/www.plantedforests.org\/event\/seminaire-de-restitution-pour-lexpertise-crref\/","og_site_name":"Instituto Europeu De Floresta Plantada - IEFC","article_modified_time":"2023-03-27T13:48:39+00:00","twitter_card":"summary_large_image","twitter_site":"@IEFCPlantForest","twitter_misc":{"Tempo estimado de leitura":"2 minutos"},"schema":{"@context":"https:\/\/schema.org","@graph":[{"@type":"WebPage","@id":"https:\/\/www.plantedforests.org\/event\/seminaire-de-restitution-pour-lexpertise-crref\/","url":"https:\/\/www.plantedforests.org\/event\/seminaire-de-restitution-pour-lexpertise-crref\/","name":"- Instituto Europeu De Floresta Plantada - IEFC","isPartOf":{"@id":"https:\/\/www.plantedforests.org\/fr\/#website"},"datePublished":"2022-10-17T09:02:57+00:00","dateModified":"2023-03-27T13:48:39+00:00","breadcrumb":{"@id":"https:\/\/www.plantedforests.org\/event\/seminaire-de-restitution-pour-lexpertise-crref\/#breadcrumb"},"inLanguage":"pt-PT","potentialAction":[{"@type":"ReadAction","target":["https:\/\/www.plantedforests.org\/event\/seminaire-de-restitution-pour-lexpertise-crref\/"]}]},{"@type":"BreadcrumbList","@id":"https:\/\/www.plantedforests.org\/event\/seminaire-de-restitution-pour-lexpertise-crref\/#breadcrumb","itemListElement":[{"@type":"ListItem","position":1,"name":"Accueil","item":"https:\/\/www.plantedforests.org\/"},{"@type":"ListItem","position":2,"name":"Events","item":"https:\/\/www.plantedforests.org\/events\/"},{"@type":"ListItem","position":3,"name":"S\u00e9minaire de restitution pour l\u2019expertise CRREF"}]},{"@type":"WebSite","@id":"https:\/\/www.plantedforests.org\/fr\/#website","url":"https:\/\/www.plantedforests.org\/fr\/","name":"Instituto Europeu De Floresta Plantada - IEFC","description":"A rede IEFC para a gest\u00e3o sustent\u00e1vel e resili\u00eancia das florestas cultivadas","publisher":{"@id":"https:\/\/www.plantedforests.org\/fr\/#organization"},"potentialAction":[{"@type":"SearchAction","target":{"@type":"EntryPoint","urlTemplate":"https:\/\/www.plantedforests.org\/fr\/?s={search_term_string}"},"query-input":{"@type":"PropertyValueSpecification","valueRequired":true,"valueName":"search_term_string"}}],"inLanguage":"pt-PT"},{"@type":"Organization","@id":"https:\/\/www.plantedforests.org\/fr\/#organization","name":"Institut Europ\u00e9en de la For\u00eat Cultiv\u00e9e - Plantedforests.org","url":"https:\/\/www.plantedforests.org\/fr\/","logo":{"@type":"ImageObject","inLanguage":"pt-PT","@id":"https:\/\/www.plantedforests.org\/fr\/#\/schema\/logo\/image\/","url":"https:\/\/www.plantedforests.org\/wp-content\/uploads\/2022\/07\/Logo_iefc__FR.png","contentUrl":"https:\/\/www.plantedforests.org\/wp-content\/uploads\/2022\/07\/Logo_iefc__FR.png","width":2031,"height":1001,"caption":"Institut Europ\u00e9en de la For\u00eat Cultiv\u00e9e - Plantedforests.org"},"image":{"@id":"https:\/\/www.plantedforests.org\/fr\/#\/schema\/logo\/image\/"},"sameAs":["https:\/\/x.com\/IEFCPlantForest","https:\/\/www.linkedin.com\/company\/71728047\/"]}]}},"_links":{"self":[{"href":"https:\/\/www.plantedforests.org\/pt\/wp-json\/wp\/v2\/tribe_events\/7651","targetHints":{"allow":["GET"]}}],"collection":[{"href":"https:\/\/www.plantedforests.org\/pt\/wp-json\/wp\/v2\/tribe_events"}],"about":[{"href":"https:\/\/www.plantedforests.org\/pt\/wp-json\/wp\/v2\/types\/tribe_events"}],"author":[{"embeddable":true,"href":"https:\/\/www.plantedforests.org\/pt\/wp-json\/wp\/v2\/users\/101"}],"version-history":[{"count":13,"href":"https:\/\/www.plantedforests.org\/pt\/wp-json\/wp\/v2\/tribe_events\/7651\/revisions"}],"predecessor-version":[{"id":11430,"href":"https:\/\/www.plantedforests.org\/pt\/wp-json\/wp\/v2\/tribe_events\/7651\/revisions\/11430"}],"wp:attachment":[{"href":"https:\/\/www.plantedforests.org\/pt\/wp-json\/wp\/v2\/media?parent=7651"}],"wp:term":[{"taxonomy":"post_tag","embeddable":true,"href":"https:\/\/www.plantedforests.org\/pt\/wp-json\/wp\/v2\/tags?post=7651"},{"taxonomy":"tribe_events_cat","embeddable":true,"href":"https:\/\/www.plantedforests.org\/pt\/wp-json\/wp\/v2\/tribe_events_cat?post=7651"}],"curies":[{"name":"wp","href":"https:\/\/api.w.org\/{rel}","templated":true}]}}

Séminaire de restitution pour l’expertise CRREF

<p><strong><span style="color: #ff0000;">PARTENAIRES</span></strong></p>
<p><span style="color: #000000;">Le GIP Ecofor et le RMT Aforce vous invitent à participer au séminaire de restitution de l’</span><a href="http://www.gip-ecofor.org/expertise-crref-coupes-rases-et-renouvellement-des-peuplements-forestiers/" target="_blank" rel="noreferrer noopener"><u>expertise collective CRREF</u></a>, <span style="color: #000000;">qui aura lieu le mardi 22 novembre 2022 de 9h à 17h, à la salle Gambetta du ministère de l’Agriculture et de la Souveraineté alimentaire, 78 rue de Varenne, Paris VIIe. L’évènement sera également accessible en visioconférence.</span></p>
<p><span style="color: #000000;">Il s’agira d’un évènement public, dans un format hybride présentiel/distanciel afin de permettre au plus grand nombre d’y assister.</span></p>
<p><span style="color: #000000;">Depuis mars 2021, le GIP Ecofor et le RMT Aforce pilotent une expertise collective visant à dresser un <strong>état des connaissances sur les coupes rases et le renouvellement des peuplements</strong>, et une <strong>analyse des modes de renouvellement en contexte de changement climatique</strong>.</span></p>
<p><span style="color: #000000;">Soutenu par le MASA, le MTECT, l’ADEME et l’OFB, l’expertise a mobilisé une soixantaine d’experts issus des organismes suivants : INRAE, AgroParisTech, IGN, ONF, CNPF-IDF, FCBA, CNRS, universités de Bourgogne Franche-Comté et de Rouen Normandie.</span></p>
<p><span style="color: #000000;">L’expertise, organisée en thématiques, couvre tant les domaines des sciences de l’environnement que ceux des sciences humaines, économiques et sociales.</span></p>
<p><span style="color: #000000;">Ouvert à tous, le séminaire prévoit le matin une présentation des principaux résultats de l’expertise, complétée l’après-midi par deux temps d’échange.</span></p>
<p><span style="color: #000000;"><strong>Plus d&#8217;informations :</strong></span> <a href="http://www.gip-ecofor.org/22-novembre-2022-seminaire-de-restitution-de-lexpertise-collective-expertise-crref-coupes-rases-et-renouvellement-des-peuplements-forestiers-en-contexte-de-changement-climatique/">cliquez-ici</a></p>

<p>PARTENAIRES Le GIP Ecofor et le RMT Aforce vous invitent à participer au séminaire de restitution de l’expertise collective CRREF, qui aura lieu le mardi 22 novembre 2022 de 9h à 17h, à [&hellip;]</p>

<!-- This site is optimized with the Yoast SEO plugin v27.4 - https://yoast.com/product/yoast-seo-wordpress/ -->
<title>- Instituto Europeu De Floresta Plantada - IEFC</title>
<meta name="robots" content="index, follow, max-snippet:-1, max-image-preview:large, max-video-preview:-1" />
<link rel="canonical" href="https://www.plantedforests.org/event/seminaire-de-restitution-pour-lexpertise-crref/" />
<meta property="og:locale" content="pt_PT" />
<meta property="og:type" content="article" />
<meta property="og:title" content="- Instituto Europeu De Floresta Plantada - IEFC" />
<meta property="og:url" content="https://www.plantedforests.org/event/seminaire-de-restitution-pour-lexpertise-crref/" />
<meta property="og:site_name" content="Instituto Europeu De Floresta Plantada - IEFC" />
<meta property="article:modified_time" content="2023-03-27T13:48:39+00:00" />
<meta name="twitter:card" content="summary_large_image" />
<meta name="twitter:site" content="@IEFCPlantForest" />
<meta name="twitter:label1" content="Tempo estimado de leitura" />
	<meta name="twitter:data1" content="2 minutos" />
<script type="application/ld+json" class="yoast-schema-graph">{"@context":"https:\/\/schema.org","@graph":[{"@type":"WebPage","@id":"https:\/\/www.plantedforests.org\/event\/seminaire-de-restitution-pour-lexpertise-crref\/","url":"https:\/\/www.plantedforests.org\/event\/seminaire-de-restitution-pour-lexpertise-crref\/","name":"- Instituto Europeu De Floresta Plantada - IEFC","isPartOf":{"@id":"https:\/\/www.plantedforests.org\/fr\/#website"},"datePublished":"2022-10-17T09:02:57+00:00","dateModified":"2023-03-27T13:48:39+00:00","breadcrumb":{"@id":"https:\/\/www.plantedforests.org\/event\/seminaire-de-restitution-pour-lexpertise-crref\/#breadcrumb"},"inLanguage":"pt-PT","potentialAction":[{"@type":"ReadAction","target":["https:\/\/www.plantedforests.org\/event\/seminaire-de-restitution-pour-lexpertise-crref\/"]}]},{"@type":"BreadcrumbList","@id":"https:\/\/www.plantedforests.org\/event\/seminaire-de-restitution-pour-lexpertise-crref\/#breadcrumb","itemListElement":[{"@type":"ListItem","position":1,"name":"Accueil","item":"https:\/\/www.plantedforests.org\/"},{"@type":"ListItem","position":2,"name":"Events","item":"https:\/\/www.plantedforests.org\/events\/"},{"@type":"ListItem","position":3,"name":"Séminaire de restitution pour l’expertise CRREF"}]},{"@type":"WebSite","@id":"https:\/\/www.plantedforests.org\/fr\/#website","url":"https:\/\/www.plantedforests.org\/fr\/","name":"Instituto Europeu De Floresta Plantada - IEFC","description":"A rede IEFC para a gestão sustentável e resiliência das florestas cultivadas","publisher":{"@id":"https:\/\/www.plantedforests.org\/fr\/#organization"},"potentialAction":[{"@type":"SearchAction","target":{"@type":"EntryPoint","urlTemplate":"https:\/\/www.plantedforests.org\/fr\/?s={search_term_string}"},"query-input":{"@type":"PropertyValueSpecification","valueRequired":true,"valueName":"search_term_string"}}],"inLanguage":"pt-PT"},{"@type":"Organization","@id":"https:\/\/www.plantedforests.org\/fr\/#organization","name":"Institut Européen de la Forêt Cultivée - Plantedforests.org","url":"https:\/\/www.plantedforests.org\/fr\/","logo":{"@type":"ImageObject","inLanguage":"pt-PT","@id":"https:\/\/www.plantedforests.org\/fr\/#\/schema\/logo\/image\/","url":"https:\/\/www.plantedforests.org\/wp-content\/uploads\/2022\/07\/Logo_iefc__FR.png","contentUrl":"https:\/\/www.plantedforests.org\/wp-content\/uploads\/2022\/07\/Logo_iefc__FR.png","width":2031,"height":1001,"caption":"Institut Européen de la Forêt Cultivée - Plantedforests.org"},"image":{"@id":"https:\/\/www.plantedforests.org\/fr\/#\/schema\/logo\/image\/"},"sameAs":["https:\/\/x.com\/IEFCPlantForest","https:\/\/www.linkedin.com\/company\/71728047\/"]}]}</script>
<!-- / Yoast SEO plugin. -->

A rede IEFC para a gestão sustentável e resiliência das florestas cultivadas

Institut Européen de la Forêt Cultivée - Plantedforests.org
